at is 4c7 + -4?
4c3
In base 5, what is 1 + 213111?
213112
In base 4, what is 3 + 30?
33
In base 5, what is -4 + 34222?
34213
In base 7, what is 215 + 4?
222
In base 10, what is -344 - -8?
-336
In base 3, what is -1200202020 - 11?
-1200202101
In base 2, what is -11 - 11110010?
-11110101
In base 3, what is -11 + -2012?
-2100
In base 9, what is -54 - -2?
-52
In base 9, what is 108348 - 3?
108345
In base 4, what is 2030 - -132?
2222
In base 7, what is 1536 - 4?
1532
In base 13, what is 1 + 8?
9
In base 10, what is 50 - -6?
56
In base 12, what is 5 - -8?
11
In base 10, what is 137 - 9?
128
In base 9, what is -4 + 162?
157
In base 2, what is -1000 + 1110011?
1101011
In base 13, what is 13 - -17c?
192
In base 5, what is -121011 + -3?
-121014
In base 9, what is 231 + 3?
234
In base 3, what is 11 - 2021?
-2010
In base 5, what is 43 + -20?
23
In base 2, what is 101 + -111011?
-110110
In base 8, what is -16 + 1245?
1227
In base 3, what is 2011 - -11?
2022
In base 2, what is -10001 + 100?
-1101
In base 6, what is 122 - 131?
-5
In base 15, what is 10b3 + -2?
10b1
In base 3, what is -10000 - -220?
-2010
In base 6, what is 11504 + 5?
11513
In base 4, what is -23033121 + -11?
-23033132
In base 9, what is 0 - 1526?
-1526
In base 16, what is 6 - 43f?
-439
In base 2, what is 110001 + 1110?
111111
In base 16, what is -177 + 2?
-175
In base 8, what is -45 + -7?
-54
In base 7, what is -10145 + -1?
-10146
In base 9, what is 5 + -88?
-83
In base 15, what is 421 - 0?
421
In base 6, what is 502 - -1?
503
In base 10, what is -20 - 1?
-21
In base 7, what is -3 + 2015?
2012
In base 15, what is -5 + -2b?
-31
In base 10, what is 54 + 1?
55
In base 4, what is -33232 - 1?
-33233
In base 16, what is 8 - -24a?
252
In base 10, what is 202 + -5?
197
In base 11, what is -30 + 35?
5
In base 11, what is -35 - -2?
-33
In base 15, what is 1 - -29a?
29b
In base 12, what is 1472 - -5?
1477
In base 2, what is -1000 + 10100100?
10011100
In base 5, what is 10402 - -4?
10411
In base 15, what is -14b - -c?
-13e
In base 12, what is -7 - -2?
-5
In base 12, what is -2 + -2067?
-2069
In base 11, what is 11 + 223?
234
In base 8, what is 247 - 2?
245
In base 15, what is 2e - -25?
54
In base 6, what is -3 - -3200?
3153
In base 14, what is 92 + 5?
97
In base 15, what is 43 - 5?
3d
In base 3, what is 101 - -1221?
2022
In base 14, what is -bd2 + 7?
-bc9
In base 7, what is -6504 + 5?
-6466
In base 16, what is 4 - c?
-8
In base 2, what is 100110110 + 11001?
101001111
In base 3, what is -10 + -11220?
-12000
In base 14, what is -1 - -15?
14
In base 7, what is 3334 + 3?
3340
In base 10, what is -24 + 9?
-15
In base 10, what is 2 - 36?
-34
In base 2, what is 1001101 + -1?
1001100
In base 12, what is 2 + 16?
18
In base 3, what is 11 + 21?
102
In base 5, what is 4 - 3?
1
In base 8, what is -54674 - 3?
-54677
In base 7, what is -52354 + -3?
-52360
In base 3, what is 1101000 + 11?
1101011
In base 4, what is 203 - -1223?
2032
In base 12, what is -929b - -4?
-9297
In base 2, what is 100001011 - -10?
100001101
In base 5, what is -11 - -14?
3
In base 6, what is 4 - -145?
153
In base 12, what is -20 + 156?
136
In base 2, what is -10100001110 + -101?
-10100010011
In base 3, what is 211 - 20102?
-12121
In base 12, what is 4 + -1?
3
In base 8, what is 24 - -15?
41
In base 11, what is -1 - -289?
288
In base 2, what is -101 + -10001101001?
-10001101110
In base 2, what is 11000 + -110?
10010
In base 13, what is -2 + 41?
3c
In base 2, what is -100110 - 110?
-101100
In base 10, what is 221 - 5?
216
In base 7, what is 1045 + -5?
1040
In base 4, what is -11 - 11?
-22
In base 7, what is 52 + 126?
211
In base 4, what is -220330 + 2?
-220322
In base 4, what is 2 + 21233?
21301
In base 13, what is -3 + 34?
31
In base 15, what is 69 - b9?
-50
In base 9, what is -3123 + -5?
-3128
In base 13, what is -12c - -4?
-128
In base 9, what is 1 + 162?
163
In base 8, what is 546 + 6?
554
In base 7, what is 44 - 4?
40
In base 13, what is -177 - 2?
-179
In base 13, what is 4 + 1b?
22
In base 14, what is 4 + -4?
0
In base 9, what is -13867 - 3?
-13871
In base 4, what is -2232100 + 11?
-2232023
In base 4, what is 10 - -11233?
11303
In base 7, what is -5 + 103?
65
In base 15, what is e - -d?
1c
In base 12, what is -52b2 - 0?
-52b2
In base 9, what is -17 - 14?
-32
In base 11, what is -4 + -368?
-371
In base 16, what is -5 + -11?
-16
In base 9, what is 5 - -272?
277
In base 12, what is 12 - a?
4
In base 8, what is -23 - -7?
-14
In base 13, what is 2 + 34?
36
In base 11, what is 1 + -7a?
-79
In base 2, what is 11000 - 101?
10011
In base 6, what is -1 - 1434?
-1435
In base 11, what is -33 - -59?
26
In base 4, what is -100300 - -3?
-100231
In base 6, what is -2054 + 30?
-2024
In base 8, what is 2 + 25?
27
In base 9, what is -455 - 7?
-463
In base 10, what is 4 + -211?
-207
In base 5, what is 22023 + -3?
22020
In base 13, what is 92a - -4?
931
In base 8, what is -1342 - -30?
-1312
In base 16, what is d - 4d8?
-4cb
In base 16, what is -d + -67?
-74
In base 2, what is -10011 - 11111?
-110010
In base 16, what is 5 - -12?
17
In base 12, what is -298b7 - -3?
-298b4
In base 2, what is -110 + 10100001000?
10100000010
In base 16, what is 5cf0 - -2?
5cf2
In base 6, what is 21 - -152?
213
In base 16, what is f + 1a?
29
In base 12, what is 9 + -16?
-9
In base 10, what is -4 + -10222?
-10226
In base 10, what is 2 - -37?
39
In base 9, what is -611 + -3?
-614
In base 12, what is -610 - 1?
-611
In base 9, what is -4 - -21?
16
In base 14, what is -3 - -31?
2c
In base 14, what is 4 - 252?
-24c
In base 15, what is 15d + -10?
14d
In base 7, what is 40251 + -4?
40244
In base 6, what is -40 - 20?
-100
In base 6, what is 31 - -20?
51
In base 9, what is 70 + 4?
74
In base 11, what is -73 + 5?
-69
In base 2, what is 10 + 1101?
1111
In base 10, what is 5 + -21?
-16
In base 4, what is 0 + 203?
203
In base 10, what is -972 + -5?
-977
In base 10, what is 1079 - 0?
1079
In base 14, what is -6 - -5?
-1
In base 5, what is 344041 + -1?
344040
In base 2, what is -100 - 10011111?
-10100011
In base 14, what is 170 + -1?
16d
In base 3, what is 10102 + 22?
10201
In base 13, what is -3a1 + 4?
-39a
In base 15, what is -73 + 2?
-71
In base 16, what is a - 5?
5
In base 4, what is -121 + -2?
-123
In base 7, what is 2 + -410?
-405
In base 16, what is 12 + 145?
157
In base 12, what is -b + a2b?
a20
In base 15, what is 0 - 3?
-3
In base 9, what is -1 + -1037?
-1038
In base 6, what is 11221 - 1?
11220
In base 3, what is -10 - -121?
111
In base 12, what is -276 + 9?
-269
In base 11, what is -168 - -7?
-161
In base 15, what is -4 - -bc0?
bbb
In base 11, what is a + 34?
43
In base 13, what is 46a + 1?
46b
In base 7, what is -365 + 4?
-361
In base 2, what is 100 - -110100?
111000
In base 10, what is -19 + -194?
-213
In base 16, what is 5 + 7?
c
In base 5, what is -4 - 21001?
-21010
In base 13, what is 5 + -352?
-34a
In base 13, what is 8 + -34?
-29
In base 5, what is 1041040 - 10?
1041030
In base 3, what is -12 + -2002102?
-2002121
In base 5, what is -2130 + 4?
-2121
In base 14, what is 16a + -a?
160
In base 6, what is -20 - 35?
-55
In base 9, what is 3 + -51?
-47
In base 4, what is -23310 + -13?
-23323
In base 12, what is -38 - 4?
-40
In base 12, what is 1 - -589?
58a
In base 12, what is -1 + 129?
128
In base 12, what is 4 - -257?
25b
In base 7, what is 650 + -3?
644
In base 2, what is 111001110011 - 110?
111001101101
In base 15, what is 1b + -a?
11
In base 11, what is -941 - -4?
-938
In base 12, what is 2b - -3?
32
In base 7, what is 6 + -62?
-53
In base 8, what is 3 - 47?
-44
In base 2, what is 101011100101 + -10?
101011100011
In base 16, what is 6 - c6?
-c0
In base 5, what is 10 - -220?
230
In base 8, what is -5 + -26?
-33
In base 12, what is -268 - -5?
-263
In base 15, what is 0 + 1d00?
1d00
In base 3, what is -12 - -101?
12
In base 15, what is -3d + -7a?
-b8
In base 9, what is 68 - -3?
72
In base 2, what is 101001111 + -101?
101001010
In base 14, what is -39 + -143?
-17c
In base 10, what is -5 - 813?
-818
In base 14, what is -3 + -55?
-58
In base 16, what is -28 - -5?
-23
In base 2, what is 0 - -100?
100
In base 6, what is -2 - 4120?
-4122
In base 7, what is 3 - -3?
6
In base 13, what is 4 - b5?
-b1
In base 10, what is -182 + 5?
-177
In base 8, what is -10 - -21?
11
In base 14, what is 1c3 